e units digit of 2311085?
5
What is the units digit of 123670?
0
What is the hundreds digit of 1768507?
5
What is the hundreds digit of 16472447?
4
What is the ten thousands digit of 266669?
6
What is the ten thousands digit of 2524239?
2
What is the ten thousands digit of 30579182?
7
What is the hundreds digit of 3622290?
2
What is the ten thousands digit of 896831?
9
What is the hundreds digit of 407571?
5
What is the ten thousands digit of 1114639?
1
What is the tens digit of 18961?
6
What is the hundred thousands digit of 296464?
2
What is the hundreds digit of 18338687?
6
What is the units digit of 25938963?
3
What is the hundreds digit of 651825?
8
What is the hundreds digit of 45848?
8
What is the thousands digit of 145568?
5
What is the thousands digit of 6691?
6
What is the ten thousands digit of 4062035?
6
What is the units digit of 1099212?
2
What is the hundred thousands digit of 289517?
2
What is the tens digit of 5520822?
2
What is the hundreds digit of 152760?
7
What is the thousands digit of 4230?
4
What is the tens digit of 4949485?
8
What is the ten thousands digit of 1864190?
6
What is the tens digit of 565394?
9
What is the hundred thousands digit of 3219630?
2
What is the hundred thousands digit of 127371?
1
What is the units digit of 144521?
1
What is the thousands digit of 16851624?
1
What is the ten thousands digit of 2887313?
8
What is the tens digit of 329033?
3
What is the ten thousands digit of 1013657?
1
What is the hundred thousands digit of 498569?
4
What is the units digit of 715433?
3
What is the hundreds digit of 779304?
3
What is the tens digit of 5739664?
6
What is the millions digit of 1693338?
1
What is the millions digit of 20746433?
0
What is the ten millions digit of 22716008?
2
What is the hundred thousands digit of 3625722?
6
What is the hundred thousands digit of 9988877?
9
What is the thousands digit of 322714?
2
What is the ten thousands digit of 214651?
1
What is the units digit of 9648803?
3
What is the units digit of 1249252?
2
What is the units digit of 23804385?
5
What is the tens digit of 1499361?
6
What is the ten thousands digit of 188324?
8
What is the thousands digit of 422552?
2
What is the thousands digit of 3512971?
2
What is the tens digit of 8175306?
0
What is the hundred thousands digit of 1185446?
1
What is the ten thousands digit of 73466?
7
What is the ten thousands digit of 6471971?
7
What is the thousands digit of 110506?
0
What is the thousands digit of 3259083?
9
What is the ten thousands digit of 403663?
0
What is the hundred thousands digit of 36233252?
2
What is the thousands digit of 1096038?
6
What is the millions digit of 2724415?
2
What is the ten thousands digit of 11671281?
7
What is the thousands digit of 1342978?
2
What is the hundreds digit of 1440052?
0
What is the hundreds digit of 953922?
9
What is the millions digit of 4404985?
4
What is the ten millions digit of 11233164?
1
What is the hundreds digit of 5210069?
0
What is the hundred thousands digit of 13602602?
6
What is the units digit of 51712?
2
What is the ten thousands digit of 10891?
1
What is the units digit of 51802?
2
What is the millions digit of 2148647?
2
What is the units digit of 6999712?
2
What is the hundreds digit of 5631144?
1
What is the units digit of 243954?
4
What is the hundreds digit of 2122909?
9
What is the ten thousands digit of 4400651?
0
What is the millions digit of 1140768?
1
What is the thousands digit of 189924?
9
What is the tens digit of 314458?
5
What is the tens digit of 232718?
1
What is the thousands digit of 35787371?
7
What is the hundreds digit of 18240870?
8
What is the thousands digit of 8993294?
3
What is the hundreds digit of 4126913?
9
What is the tens digit of 27300723?
2
What is the thousands digit of 1136711?
6
What is the hundred thousands digit of 754430?
7
What is the ten thousands digit of 2818530?
1
What is the tens digit of 8328061?
6
What is the units digit of 8537525?
5
What is the tens digit of 21572?
7
What is the hundred thousands digit of 3051038?
0
What is the hundred thousands digit of 469551?
4
What is the hundreds digit of 601816?
8
What is the hundred thousands digit of 1288918?
2
What is the ten thousands digit of 1797676?
9
What is the hundred thousands digit of 203853?
2
What is the ten thousands digit of 33437632?
3
What is the hundreds digit of 13696148?
1
What is the ten thousands digit of 9088725?
8
What is the millions digit of 12620241?
2
What is the ten thousands digit of 488496?
8
What is the hundreds digit of 552377?
3
What is the thousands digit of 722748?
2
What is the units digit of 337943?
3
What is the millions digit of 1835679?
1
What is the ten thousands digit of 17525502?
2
What is the units digit of 16000087?
7
What is the thousands digit of 2191589?
1
What is the ten thousands digit of 117080?
1
What is the ten thousands digit of 79896?
7
What is the hundred thousands digit of 8666586?
6
What is the thousands digit of 11196631?
6
What is the thousands digit of 1580768?
0
What is the hundred thousands digit of 1314241?
3
What is the hundreds digit of 2222460?
4
What is the thousands digit of 7067937?
7
What is the units digit of 3521827?
7
What is the ten millions digit of 14832165?
1
What is the tens digit of 3614396?
9
What is the hundred thousands digit of 360259?
3
What is the ten thousands digit of 3870641?
7
What is the hundreds digit of 8239407?
4
What is the hundreds digit of 62785?
7
What is the thousands digit of 198502?
8
What is the millions digit of 1273178?
1
What is the thousands digit of 467408?
7
What is the millions digit of 6346989?
6
What is the hundreds digit of 218993?
9
What is the hundreds digit of 322179?
1
What is the units digit of 14286367?
7
What is the millions digit of 3992103?
3
What is the ten thousands digit of 15725336?
2
What is the hundreds digit of 119091?
0
What is the tens digit of 375913?
1
What is the tens digit of 1818658?
5
What is the tens digit of 1783806?
0
What is the ten thousands digit of 2730530?
3
What is the thousands digit of 1396493?
6
What is the units digit of 197763?
3
What is the thousands digit of 234489?
4
What is the hundreds digit of 2407133?
1
What is the tens digit of 5844?
4
What is the tens digit of 257001?
0
What is the units digit of 920844?
4
What is the thousands digit of 15337892?
7
What is the millions digit of 11585723?
1
What is the hundreds digit of 78573?
5
What is the ten thousands digit of 2594432?
9
What is the tens digit of 128036?
3
What is the thousands digit of 228852?
8
What is the thousands digit of 2116579?
6
What is the hundreds digit of 13122494?
4
What is the tens digit of 4805481?
8
What is the tens digit of 4903033?
3
What is the ten thousands digit of 6432827?
3
What is the tens digit of 7476239?
3
What is the tens digit of 585324?
2
What is the hundred thousands digit of 21907694?
9
What is the hundred thousands digit of 194363?
1
What is the hundred thousands digit of 4480998?
4
What is the thousands digit of 4980524?
0
What is the units digit of 2698379?
9
What is the ten thousands digit of 302925?
0
What is the hundred thousands digit of 913302?
9
What is the thousands digit of 9465841?
5
What is the millions digit of 22376055?
2
What is the hundreds digit of 25639436?
4
What is the tens digit of 519471?
7
What is the hundred thousands digit of 20425270?
4
What is the tens digit of 306291?
9
What is the tens digit of 943882?
8
What is the ten thousands digit of 1967710?
6
What is the units digit of 114931?
1
What is the hundred thousands digit of 814542?
8
What is the thousands digit of 676820?
6
What is the ten thousands digit of 5388134?
8
What is the ten thousands digit of 485196?
8
What is the tens digit of 684492?
9
What is the ten thousands digit of 238493?
3
What is the hundred thousands digit of 11694893?
6
What is the hundreds digit of 8844739?
7
What is the hundreds digit of 864030?
0
What is the thousands digit of 9535160?
5
What is the ten thousands digit of 551990?
5
What is the ten millions digit of 15172991?
1
What is the units digit of 446448?
8
What is the units digit of 3944560?
0
What is the ten thousands digit of 36588829?
8
What is the ten thousands digit of 161949?
6
What is the tens digit of 3180902